 - 4)*124 is divided by 7.
3
Suppose -3*q = 3*l - 51, -2*l - q + 9 = -4*q. Suppose 3*i - l = -i. Suppose -3 = 5*v - c - 9, -16 = -2*v - 3*c. Calculate the remainder when i is divided by v.
1
Suppose 5*p - 4*f = 834, 0 = -2*f - f - 3. Suppose -2*q + 5*q = 2*x + p, 4*q = -5*x + 206. What is the remainder when q is divided by 14?
12
Let d = -51 + 154. Calculate the remainder when d is divided by 26.
25
Suppose -3*p = 12, 3*r + r - 4*p = 32. Suppose -r*v + 22 = k, -4*k - 5*v + 4*v + 43 = 0. Calculate the remainder when 18 is divided by k.
8
Suppose -2*k + 3 = 2*w + k, 5*w = 2*k + 17. Suppose 0 = 5*b - 4*r - 59, -3*b + r + 36 = -2*r. Calculate the remainder when b is divided by w.
2
Let n = -24 - -129. Calculate the remainder when n is divided by 12.
9
Calculate the remainder when ((-12)/10)/(-5 - 94/(-20)) is divided by 1.
0
Let u(x) = x**3 - 8*x**2 + 7*x - 5. Let v be u(7). Let n(b) = -4 + 0 - b + 11. What is the remainder when 35 is divided by n(v)?
11
Suppose -2*i + 5 - 17 = 0. Let z be 13 - 3/i*-2. Suppose f - 26 = z. What is the remainder when f is divided by 13?
12
Let c be -3 - -1 - (-1 - 6). Suppose 2*t - 14 = -2*k, -2*t = c*k - t - 23. Calculate the remainder when 7 is divided by k.
3
Calculate the remainder when (-969)/(-15) + 8/20 is divided by 17.
14
Let h be 2 + (-3)/3 + -1. Suppose h = -5*u + 18 - 3. What is the remainder when 4 is divided by u?
1
Suppose 0 = 2*w - 104 + 16. Let u(z) = 4*z. Let p be u(7). Let v = -13 + p. What is the remainder when w is divided by v?
14
Let g(y) = y**3 + 2*y**2 - 5*y - 3. Let q = 103 - 96. Calculate the remainder when q is divided by g(-3).
1
Suppose 2*g + 0*y - 4*y - 34 = 0, -5*g = 3*y - 59. Calculate the remainder when (-3)/1 - (59 - 5)*-1 is divided by g.
12
Suppose 3*q + 3 = -9. Let s = 2 - -7. What is the remainder when 590/25 - q/10 is divided by s?
6
Suppose 2*c + 45 = 2*i - i, i + 2*c - 29 = 0. Calculate the remainder when i is divided by 25.
12
Let k = -5 + 7. What is the remainder when k + -1 + 11 + -2 is divided by 6?
4
Suppose -5*n + 80 + 115 = -4*h, -3*n - 2*h + 139 = 0. Suppose -n = -2*v + 9. Let j = 22 - 13. Calculate the remainder when v is divided by j.
8
Let h be 22 + (-1 - (1 - 2)). Let q = -8 + h. What is the remainder when 40 is divided by q?
12
What is the remainder when 40 is divided by (-3)/(1/1) - -17?
12
Let k be 6/5*90/1. Let f = k + -64. Suppose 4*n - f = -0*n. What is the remainder when 21 is divided by n?
10
Suppose -2*h = -4*t + 92, -5*t = -0*t + 4*h - 89. Suppose 4 = 2*p - 8. What is the remainder when t is divided by p?
3
Let l(s) = -7*s - 39. Let y(c) = -c + 1. Let k be y(-4). Let n(o) = 2*o - 6. Calculate the remainder when n(k) is divided by l(-6).
1
Let m be (16/((-12)/3))/(-2). Suppose -5*d - m*n + 22 = 0, d - n = 4*d - 13. What is the remainder when d is divided by 3?
1
Suppose -12 = -3*g - 7*t + 2*t, 0 = -g - 3*t. Calculate the remainder when 15 is divided by g.
6
Suppose 3*g - 8 = -2*d + 6, 3*g + 3*d = 12. Suppose -g*y - 4 = -4*y. What is the remainder when (-132)/(-8) - (-1)/y is divided by 6?
4
Let n = 520 - 248. Suppose 39 = k - 8. Suppose -t = -5*h - k + n, -h + 3*t = -31. Calculate the remainder when h is divided by 16.
14
Let j(f) = -f - 1. Let t be j(-2). Suppose -29 = -2*r - q, 2*r + 2*q = 25 + t. Calculate the remainder when 47 is divided by r.
15
Suppose -49 = b - 4*b - 2*j, 2*b - 6 = 4*j. Let r be ((-2)/(-6))/(1/3). Suppose u - b = r. Calculate the remainder when 41 is divided by u.
13
Suppose -4*w = w - 25. Suppose 3*z + 5 = 32. Calculate the remainder when z is divided by w.
4
Suppose 2*m = 6*m - 12. Suppose -m*x + 10 = -x. Calculate the remainder when x is divided by 4.
1
Let b = -37 + 87. What is the remainder when b is divided by 13?
11
Let k = 12 + 55. Suppose 2*q - 92 = -2*q. What is the remainder when k is divided by q?
21
Let p(l) = -l**3 + 4*l**2 + 5*l + 2. Let b be p(6). Calculate the remainder when (28/16)/((-2)/b) is divided by 2 + -2 - (-12 + 0).
11
Suppose -4*n - 3*c = -80, -84 = 3*n - 7*n - 4*c. Calculate the remainder when 47 is divided by n.
13
Let y = 23 + -2. What is the remainder when 40 is divided by y?
19
Suppose -15 = -v - 4. Let f = 11 - -8. Calculate the remainder when f is divided by v.
8
Let k(s) = s - 3. Let n be k(-5). Suppose -z = -4*z + 5*q - 1, -q = 2*z - 8. Calculate the remainder when z is divided by 2/n - 36/(-16).
1
Let d be -2*19 + (2 - 3). Let b = -22 - d. Calculate the remainder when 31 is divided by b.
14
Calculate the remainder when (30/(-9))/(((-22)/48)/11) is divided by 42.
38
Let c = -12 - -24. Suppose -u = 5*t - 4*t - 25, 5*t = 2*u - 22. What is the remainder when u is divided by c?
9
Let g(p) = 4*p**2 + 6*p + 16. Let q(k) = -15*k. Calculate the remainder when g(-4) is divided by q(-1).
11
Suppose -6*y = -2*y - 24. Let g(r) = 4*r - 9. What is the remainder when 43 is divided by g(y)?
13
Suppose 2*c - 3*m = -1, -3*m + m + 45 = 5*c. Suppose 3*q - 100 = -q. What is the remainder when q is divided by c?
4
Let y(c) = 10*c + 11. Let h(t) = t**2 - 4*t + 6. What is the remainder when y(3) is divided by h(5)?
8
Suppose -163 = -5*v - 18. Calculate the remainder when v is divided by 2.
1
Let a(f) = -4*f - 30. Suppose 4*k = 112 + 40. Calculate the remainder when k is divided by a(-10).
8
Suppose 0*d = 3*d - 60. What is the remainder when d is divided by 6?
2
Suppose 3*m = -17 - 49. Let n(l) = 5*l**2 - 4*l. Let v be n(3). Let u = v + m. What is the remainder when 31 is divided by u?
9
Suppose -l + 2*b = -27, -5*l + 4*b = -0*l - 141. Suppose 0 = 3*s - 12, -3*s = -5*k - 4 + 17. What is the remainder when l is divided by k + 12 - (-1 + 3)?
14
Suppose -2*z = -7*z + 230. Calculate the remainder when z is divided by 8.
6
What is the remainder when 10 is divided by 8 + -2 + 2 + -4?
2
Let u = 14 - -22. Let g(b) = -b**3 + b**2 + 2*b + 13. What is the remainder when u is divided by g(0)?
10
Suppose 4*f + 18 = 86. What is the remainder when f is divided by 5?
2
Let l(c) = 2*c**3 - 3*c**2 + 2. Let w be l(-2). Let v = w - -48. Calculate the remainder when v is divided by ((-16)/10)/((-2)/10).
6
Let h = 8 + -10. Let i(m) = -7*m - 2. What is the remainder when 21 is divided by i(h)?
9
Suppose 0*g = -5*g + 40. Suppose k - g = 5. Calculate the remainder when k is divided by 8.
5
Let j = 26 + -11. Suppose 0 = 3*d - j + 6. Suppose 4*b = -5*g + 11, 0 = -d*b - b + 4*g + 20. Calculate the remainder when b is divided by 3.
1
Let k = 137 - 116. What is the remainder when 62 is divided by k?
20
What is the remainder when 19 is divided by (0 - -13) + 1/(-1)*2?
8
Suppose -2*s - m = -2*m - 224, 2*m = -2*s + 224. Calculate the remainder when 28 is divided by s/21 + (-2)/(-3).
4
Let s(n) = n**2 + 6*n + 7. Let b(d) = d**2 - 17*d + 5. Calculate the remainder when b(17) is divided by s(-5).
1
Suppose 3*p = 6, 3*w + 1 = 2*p - 0. What is the remainder when 13 is divided by -2*(1 + w)*-2?
5
What is the remainder when 39 is divided by ((-21)/(-2))/((-12)/(-16))?
11
Suppose 3*f - 2*f + 39 = 0. Let q = 69 + f. Calculate the remainder when q is divided by 8.
6
Let m(w) = 13*w**2 - 1. Let r(y) = 4*y**2 + 2*y + 1. Let c be r(-1). What is the remainder when (c + 123/(-6))*-2 is divided by m(1)?
11
Let z(t) = 8*t + 1. Let s be z(-1). Let a = 11 + s. Calculate the remainder when a is divided by 3.
1
Suppose 4*w = w + 219. What is the remainder when w is divided by 37?
36
Let n(w) = -17*w - 414. Suppose 12 = -2*m + 6*m. What is the remainder when ((-10)/m)/(2/(-12)) is divided by n(-25)?
9
Suppose 5 = b + 2. Calculate the remainder when 32 + -29 + (1 - -3) is divided by b.
1
Let u(m) = -m. Calculate the remainder when 9 is divided by u(-6).
3
Suppose -2*t + 2*s = 4, 0*t + 22 = 4*t + 2*s. What is the remainder when 4 is divided by t?
1
Let r(i) = -i**2 - 2*i + 3. Calculate the remainder when 9 is divided by r(0).
0
What is the remainder when 46 is divided by -10 - -9 - (0 + -17)?
14
Let s(x) = -53*x**2 - 3*x - 2. Let a(k) = 105*k**2 + 7*k + 5. Let c(h) = -2*a(h) - 5*s(h). Calculate the remainder when c(-1) is divided by 14.
12
Suppose 0 = -3*k + w + 3*w + 17, -1 = k + 2*w. Let c = k + -4. Let s = c - -18. What is the remainder when s is divided by 9?
8
Suppose -2*n + 10 + 123 = 5*q, -2*n - 117 = -5*q. Suppose -5*i = -q, 0*l - i = 2*l - 31. What is the remain